Let v be h(4). Give l(v).
-7
Suppose 183 = 36*i + 1263. Let r(p) = p**3 + 28*p**2 - 61*p - 31. Calculate r(i).
-1
Let a(o) = -3*o**2 + 11*o - 8. Let r(i) = -5*i**2 + 12*i + 3. Let j(y) = -3*a(y) + 2*r(y). Calculate j(-12).
-6
Let h = -5230 - -5286. Let k(d) = d**2 - 50*d - 339. Determine k(h).
-3
Let v = -13 - 2. Let t be (6/v)/(4/(-20)*1). Let u(d) = 8*d**2 - 3*d. Give u(t).
26
Let q(z) = -4 + 1 + 10*z + z**2 + 0*z**2 - 9*z. Let o(k) = -6*k - 18. Let w be ((-1)/1)/(3/9). Let c be o(w). What is q(c)?
-3
Let d(u) = -2*u**2 - u + 4. Let b(c) = -87*c + 3. Let s be b(-1). Suppose 2*t + q - 33 = 0, 5*t - s = -6*q + q. Suppose 4*r + r = t. Give d(r).
-17
Suppose -4*c - 2*d = 22, 0 = -5*c + 3*d + 198 - 220. Let w(k) = k**2 + 1. Let v(b) = 5*b**2 + 2*b. Let s(n) = -v(n) + 4*w(n). Determine s(c).
-11
Let d(l) be the third derivative of -11/24*l**4 + 0*l + 0 - 1/6*l**3 + 2*l**2. Suppose 0 = -2*u + 6*v - v - 68, 12*u = -5*v + 82. Determine d(u).
-12
Let l(j) = -27*j. Let t(c) = 16*c - 80. Let q(f) = -5*f + 30. Let r(h) = -8*q(h) - 3*t(h). Let n(w) = -3*l(w) + 10*r(w). Let y = 4 - 9. Determine n(y).
-5
Let o(p) = -5*p**3 - 4*p**2 + 12*p - 2. Let t(i) = -4*i**3 - 3*i**2 + 9*i - 2. Let w(l) = -5*o(l) + 6*t(l). What is w(-5)?
-47
Let s(i) = i**3 - 18*i**2 - 13*i - 44. Let w(l) = -l**3 + 9*l**2 + 6*l + 23. Let g(c) = 3*s(c) + 5*w(c). What is g(-4)?
3
Let f(o) = 2676 - 3*o - 8036 + 2691 + 2691 - 3*o. Give f(-7).
64
Suppose -144 = 38*j - 2*j. Let v(k) = 2*k**2 + k - 1. Calculate v(j).
27
Suppose 4*x + 459 - 480 = 3*f, -3*x = -3*f - 21. Let s(q) = 9*q + 69. Give s(f).
6
Let m(c) = -c**3 + 2*c**2 + 2*c - 4. Let p(k) be the third derivative of 0 + 3*k**3 - 1/8*k**4 + 0*k + 10*k**2. Let l be p(5). Give m(l).
-7
Let l(o) be the first derivative of o**4/4 - 7*o**2/2 - 829. Give l(-4).
-36
Let j be 0 + 0 + (3 - 0). Suppose 37*f - 13*f = 120. Let w(u) = f*u + 3 + 8*u + 4*u + 5*u - 26*u. What is w(j)?
-9
Let b(w) = w**3 - 6*w**2. Let q be 3*16/8 - 0/(-1). What is b(q)?
0
Let d(s) = s**3 + 10*s**2 - 10*s + 13. Let r be d(-11). Suppose r*m - 5 = 13. Let w = 8 - m. Let f(a) = -4*a**3 + a**2 + a + 1. What is f(w)?
5
Let k(v) = -v**3 - 13*v**2 + 91*v + 15. Let s = 16591 + -16609. Determine k(s).
-3
Let r(u) = -u**2 + 16*u + 109. Let k be r(21). Let y(x) = -x**3 + 5*x**2 + 5. Determine y(k).
21
Let w(j) = j**2 + j. Let o(d) = -d. Let q(s) = 3*o(s) - w(s). Let f(k) be the first derivative of k**2/2 + 11*k + 17. Let r be f(-17). What is q(r)?
-12
Suppose 12*h - 56 = 11*h. Let f(b) = -101*b + 48*b + h*b + b**2 - 2. Calculate f(-5).
8
Let n(w) = w**3 + 26*w - 382 + 762 - 14*w**2 + 20*w - 380. Give n(8).
-16
Let g be (2/4)/((-10)/(-40)) - -2. Let o be 9 + (g - (13 + (-1 - 3))). Let k(c) = -4*c**2 + 2*c**3 - 2 - c**3 + 0*c**3. What is k(o)?
-2
Let o(m) = 17*m**2 - 9*m + 24. Let l(j) = -24*j**2 + 14*j - 35. Let z(x) = -5*l(x) - 7*o(x). What is z(6)?
1
Let x(j) = -j**3 + 196*j**2 + 308*j + 17433. Let u be x(198). Suppose -12 = -4*s, 5*s = -t + 4 + 18. Let h(n) = t - n - n + n. Calculate h(u).
-2
Suppose -45*q = -54*q + 252. Let x = 33 - q. Let k(l) = l - 10. Determine k(x).
-5
Let g(i) = 5*i**3 + i**2 + 2*i - 3. Suppose 47*j - 2*m = 48*j - 11, 0 = -j - 4*m + 21. Give g(j).
5
Let d(f) be the third derivative of -f**6/120 - f**5/12 - 7*f**4/24 - 11*f**3/6 + 14*f**2 - 12*f. Determine d(-2).
-9
Let u = 7 - 3. Let t(y) = 27*y + 629. Let s(d) = -15*d - 360. Let x(r) = -7*s(r) - 4*t(r). Calculate x(u).
-8
Let b(z) = -4168 + 19*z**2 + z**2 + 4180 + z**3 - 20*z. What is b(-21)?
-9
Let k(z) = -12*z - 205. Let i(h) = -26*h - 453. Let q(y) = -4*i(y) + 9*k(y). Give q(-10).
7
Suppose 3*c + 3*v - 2 = 7*v, 0 = -5*v - 25. Let n = -174 - -176. Let f(h) = -3*h**3 + 5*h**3 + 8 + 6*h**2 + n*h - h**3. Calculate f(c).
-4
Let y(j) = -8*j + 10. Suppose 4*f + r + 21 - 30 = 0, 4*r = -2*f + 8. Determine y(f).
-6
Let o(i) = i - 61. Let h(s) = 2*s - 177. Let r(b) = -4*h(b) + 11*o(b). Determine r(-9).
10
Let c(z) = -4*z**2 - 21*z - 169. Let o(d) = 6*d**2 + 34*d + 253. Let b(r) = -10*c(r) - 7*o(r). What is b(-10)?
-1
Let a(i) = -16*i**2 - 20*i - 61. Let s(v) = -19*v**2 - 21*v - 63. Let r(u) = -6*a(u) + 5*s(u). What is r(-4)?
7
Suppose -3*g = -b + 103 - 124, 0 = 4*b + 2*g + 28. Let x(l) = -l + 27. Calculate x(b).
36
Let k(c) = 29*c**3 - 100*c**2 - 88*c + 161. Let s(x) = -21*x**3 + 75*x**2 + 66*x - 122. Let a(o) = -8*k(o) - 11*s(o). Calculate a(-24).
6
Let z(f) = -3*f**2 + 29*f + 17. Let v(t) = 4*t**2 - 40*t - 18. Let i(y) = 4*v(y) + 5*z(y). Let c be (3 - 6)*(-14)/3. Calculate i(c).
-1
Let f(m) = -m**3 - 4*m**2 - 3*m - 4. Let z(k) = 10*k - 249. Let x be z(24). Let h be ((-33)/44)/(x/(-48)). What is f(h)?
8
Let x(j) = -4*j - 41. Let h be x(-10). Let w be (12 - 20)*h/2. Let l(f) = -f**3 + 4*f**2 - 3*f + 6. Calculate l(w).
-6
Let n(q) = -2*q**3 + 6*q**2 + 1. Let a(h) = -11*h**3 + 36*h**2 + 5*h - 46. Let t(z) = -a(z) + 5*n(z). Calculate t(5).
1
Let m be 6/((-6)/(-13))*-2. Let u be (4 - 130/30) + m/(-6). Let k(z) = z + 3. Calculate k(u).
7
Let s(u) = u**2 - 4*u - 23. Suppose -3*q - x = 11, -9*q - 3*x + 3 = -12*q. What is s(q)?
-2
Suppose -5*q + q - 44 = 0. Let z(r) = -35*r**3 + 12*r**3 + 13*r**3 - 11*r + 9*r**3 + 2 - 18 - 2*r**2 - 10*r**2. Determine z(q).
-16
Let d be ((-40)/10 + 8 - 4) + 3 + -11. Let t(l) = -l**2 - 10*l - 23. Calculate t(d).
-7
Let a(r) = 7*r - 5*r + 4*r + 15 + 0*r. Let p be a(-3). Let y(j) = -j**3 - 3*j - 2. What is y(p)?
34
Let t = -9 + 8. Let b(q) = -q + 17*q**3 + 1 + 4*q**3 + 2*q**2 - q**2 + 2*q. Determine b(t).
-20
Let b be (160/48 - (0 - -3))*-4*3. Let f(s) = s**2 + 3*s - 10. Calculate f(b).
-6
Let o(a) = 8 - a**2 - 9*a + 2 + 2*a. Let v = -3612 + 3604. What is o(v)?
2
Let w(r) = 2*r - 23 - 3*r**2 + 6 + 20. Let b(m) = -m**3 - 1. Let a(l) = -2*b(l) - w(l). Let x = 6 + -4. What is a(x)?
23
Let n be 50841/(-4573) - (0 + (-2)/17). Let s(u) = -u - 21. Let h(b) = b + 20. Let x(t) = -5*h(t) - 4*s(t). Determine x(n).
-5
Let y(g) = 5*g**2 + 21*g + 4. Let w(j) = 9*j**2 + 40*j + 13. Let u(t) = -4*w(t) + 7*y(t). What is u(-3)?
6
Let y(i) = -10*i**3 + 17*i + 984 - 493 + 8*i**2 - 495. Let t(s) = -3*s**3 + 3*s**2 + 6*s - 1. Let q(o) = 7*t(o) - 2*y(o). Give q(6).
13
Let h(q) be the second derivative of -q**3/6 + 5*q**2 + 7835*q. Give h(9).
1
Let q(w) be the third derivative of -w**4/24 - 7*w**3/2 - 132*w**2. Let d be q(-27). Let o(k) = 5*k + 3. Determine o(d).
33
Suppose 0 = z + f + 1 - 2, -z = -4*f + 4. Suppose 3*p + z*p = 9. Let y(a) = -1 - 102*a + 105*a - p. Determine y(6).
14
Let m(i) be the third derivative of i**5/15 + 25*i**4/24 + 4*i**3 + 11*i**2 + 2. Let x(y) = -y**2 - 8*y - 8. Let g(j) = 2*m(j) + 7*x(j). Calculate g(7).
-1
Let y(w) be the third derivative of w**5/120 + w**4/24 - 43*w**3/6 - 27*w**2. Let k(b) be the first derivative of y(b). What is k(2)?
3
Let b(s) be the third derivative of -s**7/1260 + s**6/240 - s**5/60 + 35*s**4/12 - 90*s**2. Let y(o) be the second derivative of b(o). Determine y(2).
-4
Let w(l) = l**3 + 169*l**2 - 319*l**2 + 19*l - 1 + 170*l**2. Calculate w(-19).
-1
Let v(c) = 4*c + c - c - 129*c**2 - 50 + 139*c**2 + c**3. Let w be v(-9). Let q(u) = -2*u - 6. What is q(w)?
4
Let g(u) = u**2 + 5. Suppose 38 - 102 = -8*q. Suppose 40 = q*v - 18*v. Determine g(v).
21
Suppose -4*o = -5*m - 20, -m - 2*o - 4 = -4*o. Let p(t) = -t**3 - 6*t**2 - 9*t - 3. Give p(m).
1
Let x(j) = j**3 - j. Let s = 16 + -16. Suppose -3*c - 4*z + 6 = s, -6*z + 5*z = -3. Calculate x(c).
-6
Let j(a) = -6*a**3 + 5*a - 6. Let g(w) = -w**3 - 108*w**2 - 6*w - 647. Let i be g(-108). Determine j(i).
-7
Suppose 26 = -2*d - 3*z + 47, 2*d - 4*z = 14. Let b(i) be the second derivative of i**5/20 - 2*i**4/3 - i**3 + i**2 - 23*i. Calculate b(d).
29
Let o(b) = b**2 - 17*b + 7. Let c(f) = -f**3 + 16*f**2 - 12*f - 45. Let m be c(15). Suppose 2*l + 11*z = 8*z + 28, m = 2*l - z - 36. Calculate o(l).
7
Let t(x) be the second derivative of -x**4/12 - x**3/6 + 29*x**2/2 + 2579*x. Calculate t(7).
-27
Let j(t) = -7*t**2 - 2087*t**3 + 2086*t**3 - 6*t**2 - 26*t - 14 + 3*t. Give j(-11).
-3
Let r(v) = v**3 - 8*v**2 - 2*v + 8. Let a(b) = 2*b**2 + 1. Let z(f) = -4*a(f) - r(f). Determine z(3).
-33
Let m(o) = -2*o**2 - 4*o - 3. Let f(c) = -c**2 + 21*c - 23. Let z = 173 - 153. Let w be f(z). Calculate m(w).
-9
Let n(c) = c**2 - 2*c. Let x b